{"id":3,"date":"2024-02-09T18:19:58","date_gmt":"2024-02-09T18:19:58","guid":{"rendered":"http:\/\/haireliit.era.ee\/?page_id=3"},"modified":"2024-02-22T17:29:29","modified_gmt":"2024-02-22T17:29:29","slug":"andmekaitsetingimused","status":"publish","type":"page","link":"https:\/\/haireliit.era.ee\/index.php\/andmekaitsetingimused\/","title":{"rendered":"Privaatsuspoliitika"},"content":{"rendered":"\n<h2 class=\"wp-block-heading\">Kes me oleme<\/h2>\n\n\n\n<p>Meie veebisaidi aadress on https:\/\/haireliit.era.ee.<\/p>\n\n\n\n<h2 class=\"wp-block-heading\">Kommentaarid<\/h2>\n\n\n\n<p>Kui k\u00fclastajad j\u00e4tavad saidile kommentaare, salvestame kommentaarivormi andmed ning ka k\u00fclastaja IP-aadressi ja veebilehitseja tunnuse, et paremini tuvastada r\u00e4mpsu.<\/p>\n\n\n\n<p>Sinu e-postiaadressi p\u00f5hjal loodud anon\u00fc\u00fcmne tekstijada (r\u00e4si), mida v\u00f5idakse edastada Gravatari teenusele, et kontrollida selle kasutamist. Gravatari andmekaitsetingimused leiad siit: https:\/\/automattic.com\/privacy\/. Peale kommentaari heakskiitmist on sinu profiilipilt kommentaari juures avalikult n\u00e4htav.<\/p>\n\n\n\n<h2 class=\"wp-block-heading\">Meedia<\/h2>\n\n\n\n<p>Kui laadid veebilehele \u00fcles pilte, v\u00e4ldi asukohainfo (EXIF GPS) salvestamist piltidesse. Veebilehe k\u00fclastajad v\u00f5ivad pildid alla laadida ja saada nii k\u00e4tte kogu neis sisalduva asukohainfo.<\/p>\n\n\n\n<h2 class=\"wp-block-heading\">K\u00fcpsised<\/h2>\n\n\n\n<p>Kui lisad saidile kommentaari, v\u00f5id valida enda nime, e-postiaadressi ja veebilehe info salvestamise k\u00fcpsistena. Need on m\u00f5eldud mugavusvalikuna, kunas p\u00e4\u00e4sed j\u00e4rgmise kommentaari juures selle info uuesti sisestamisest. Need k\u00fcpsised s\u00e4ilivad \u00fche aasta.<\/p>\n\n\n\n<p>Sisselogimislehe k\u00fclastamisel seame paika ajutise k\u00fcpsise, mis tuvastab, kas su veebilehitseja lubab k\u00fcpsiseid v\u00f5i ei.  See k\u00fcpsis ei sisalda isikuandmeid ning v\u00f5etakse veebilehitseja sulgemisel maha.<\/p>\n\n\n\n<p>Kui logid sisse, kasutame mitut k\u00fcpsist sisselogimisinfo ja ekraanivalikute salvestamiseks. Sisselogimisk\u00fcpsised s\u00e4ilivad kaks p\u00e4eva, ekraanivalikute omad \u00fche aasta. Kui valid &#8220;M\u00e4leta mind&#8221;, j\u00e4etakse sisselogimine meelde kaheks n\u00e4dalaks. Kontolt v\u00e4lja logides sisselogimisk\u00fcpsised eemaldatakse.<\/p>\n\n\n\n<p>Artikli muutmisel v\u00f5i avaldamisel salvestatakse sinu veebilehitsejasse uus k\u00fcpsis. See ei sisalda isikuandmeid ning n\u00e4itab vaid muudetud postituse tunnust. See aegub 1 p\u00e4eva p\u00e4rast.<\/p>\n\n\n\n<h2 class=\"wp-block-heading\">Lisatud sisu muudelt veebisaitidelt<\/h2>\n\n\n\n<p>Selle veebisaidi artiklites v\u00f5ib olla lisatud sisu muudest allikatest (videod, pildid, artiklid jne). Need k\u00e4ituvad samamoodi nagu nende algse p\u00e4ritolulehe k\u00fclastamisel.<\/p>\n\n\n\n<p>See veebileht v\u00f5ib koguda sinu kohta infot, kasutada k\u00fcpsiseid, lisada kolmanda osapoole j\u00e4lgimismehhanisme ja neid sinu tegevuse j\u00e4lgimiseks kasutada, kui oled sinna kasutajakonto loonud ja sisse loginud.<\/p>\n\n\n\n<h2 class=\"wp-block-heading\">Kellega me andmeid jagame<\/h2>\n\n\n\n<p>Parooli l\u00e4htestamisel lisatakse sinu IP-aadress l\u00e4htestamiskirja.<\/p>\n\n\n\n<h2 class=\"wp-block-heading\">Kui kaua me andmeid s\u00e4ilitame<\/h2>\n\n\n\n<p>Kommentaare ja nende metaandmeid s\u00e4ilitatakse t\u00e4htajatult, et v\u00f5imaldada j\u00e4rgnevate kommentaaride automaatset tuvastamist ja heakskiitu ilma neid modereerimisele saatmata.<\/p>\n\n\n\n<p>Veebisaidil registreerunud kasutajate kohta s\u00e4ilitame infot, mida nad enda kasutajaprofiili sisestavad. K\u00f5ik kasutajad saavad enda infot igal ajal n\u00e4ha, muuta ja kustuda (erandiks on kasutajanimi, mida ei saa muuta). Seda infot saavad n\u00e4ha ja muuta ka veebisaidi haldurid.<\/p>\n\n\n\n<h2 class=\"wp-block-heading\">Millised on \u00f5igused enda andmetele<\/h2>\n\n\n\n<p>Kui sul on sellel veebisaidil kasutajakonto v\u00f5i oled kirjutanud kommentaare, v\u00f5id taotleda faili meie poolt enda kohta k\u00e4ivate isikuandmetega, sh enda poolt sisestatud info. V\u00f5id ka taotleda k\u00f5igi enda kohta k\u00e4ivate andmete kustutamist. See ei puuduta andmeid, mida oleme kohustatud s\u00e4ilitama halduse, seaduste v\u00f5i turvalisuse vajadustest l\u00e4htuvalt.<\/p>\n\n\n\n<h2 class=\"wp-block-heading\">Kuhu me andmeid saadame<\/h2>\n\n\n\n<p>K\u00fclastajate kommentaare saab kontrollida automaatse r\u00e4mpsufiltri abil.<\/p>\n","protected":false},"excerpt":{"rendered":"<p>Kes me oleme Meie veebisaidi aadress on https:\/\/haireliit.era.ee. Kommentaarid Kui k\u00fclastajad j\u00e4tavad saidile kommentaare, salvestame kommentaarivormi andmed ning ka k\u00fclastaja IP-aadressi ja veebilehitseja tunnuse, et paremini tuvastada r\u00e4mpsu. Sinu e-postiaadressi p\u00f5hjal loodud anon\u00fc\u00fcmne tekstijada (r\u00e4si), mida v\u00f5idakse edastada Gravatari teenusele, et kontrollida selle kasutamist. Gravatari andmekaitsetingimused leiad siit: https:\/\/automattic.com\/privacy\/. Peale kommentaari heakskiitmist on sinu profiilipilt [&hellip;]<\/p>\n","protected":false},"author":1,"featured_media":0,"parent":0,"menu_order":0,"comment_status":"closed","ping_status":"closed","template":"","meta":{"inline_featured_image":false,"_themeisle_gutenberg_block_has_review":false,"footnotes":""},"class_list":["post-3","page","type-page","status-publish","hentry"],"_links":{"self":[{"href":"https:\/\/haireliit.era.ee\/index.php\/wp-json\/wp\/v2\/pages\/3","targetHints":{"allow":["GET"]}}],"collection":[{"href":"https:\/\/haireliit.era.ee\/index.php\/wp-json\/wp\/v2\/pages"}],"about":[{"href":"https:\/\/haireliit.era.ee\/index.php\/wp-json\/wp\/v2\/types\/page"}],"author":[{"embeddable":true,"href":"https:\/\/haireliit.era.ee\/index.php\/wp-json\/wp\/v2\/users\/1"}],"replies":[{"embeddable":true,"href":"https:\/\/haireliit.era.ee\/index.php\/wp-json\/wp\/v2\/comments?post=3"}],"version-history":[{"count":2,"href":"https:\/\/haireliit.era.ee\/index.php\/wp-json\/wp\/v2\/pages\/3\/revisions"}],"predecessor-version":[{"id":138,"href":"https:\/\/haireliit.era.ee\/index.php\/wp-json\/wp\/v2\/pages\/3\/revisions\/138"}],"wp:attachment":[{"href":"https:\/\/haireliit.era.ee\/index.php\/wp-json\/wp\/v2\/media?parent=3"}],"curies":[{"name":"wp","href":"https:\/\/api.w.org\/{rel}","templated":true}]}}